{"id":648,"date":"2008-10-16T17:04:53","date_gmt":"2008-10-16T16:04:53","guid":{"rendered":"http:\/\/www.shark-raph.com\/?page_id=648"},"modified":"2008-10-17T11:06:16","modified_gmt":"2008-10-17T10:06:16","slug":"parikmaherskie","status":"publish","type":"page","link":"https:\/\/www.shark-raph.com\/?page_id=648","title":{"rendered":"\u041f\u0430\u0440\u0438\u043a\u043c\u0430\u0445\u0435\u0440\u0441\u043a\u0438\u0435"},"content":{"rendered":"<p style=\"margin: 0cm 0cm 0pt\" class=\"MsoNormal\"><font face=\"Calibri\">\u0410\u0433\u0438. \u0422\u0435\u043b. 06203739370<\/font><\/p>\n<p style=\"margin: 0cm 0cm 0pt\" class=\"MsoNormal\"><span style=\"color: black; font-family: 'Arial','sans-serif'\">Szil\u00e1gyi Erzs\u00e9bet fasor 4<\/span><span style=\"color: black; font-family: 'Arial','sans-serif'\" lang=\"EN-US\">3\/b. <\/span><\/p>\n<p style=\"margin: 0cm 0cm 0pt\" class=\"MsoNormal\"><span style=\"color: black; font-family: 'Arial','sans-serif'\" lang=\"EN-US\"><\/span><\/p>\n<p style=\"margin: 0cm 0cm 0pt\" class=\"MsoNormal\"><span style=\"color: black; font-family: 'Arial','sans-serif'\" lang=\"EN-US\">\u041f\u0440\u043e\u0435\u0437\u0434:<\/span><\/p>\n<p><span style=\"color: black; font-family: 'Arial','sans-serif'\" lang=\"EN-US\"><\/span><\/p>\n<table border=\"1\" width=\"100%\" cellPadding=\"0\" cellSpacing=\"0\" style=\"width: 100%; border: windowtext 1pt solid\" class=\"MsoNormalTable\">\n<tr>\n<td rowSpan=\"3\" noWrap=\"true\" vAlign=\"top\" style=\"background-color: transparent; border: #1a7676 1pt inset; padding: 2.85pt\"><span style=\"font-size: 9pt; font-family: 'Arial','sans-serif'\">Felsz\u00e1ll<\/span><\/td>\n<td colSpan=\"2\" width=\"100%\" style=\"padding-right: 0cm; padding-left: 14.2pt; padding-bottom: 2.85pt; width: 100%; padding-top: 2.85pt; background-color: transparent; border: #1a7676 1pt inset\"><strong><span style=\"font-size: 10pt; font-family: 'Arial','sans-serif'\"><a href=\"javascript:ShowTrafficMap(0,0,false)\"><span style=\"color: windowtext\">\u00dcll\u00f6i \u00fat<\/span><\/a><\/span><\/strong><\/td>\n<\/tr>\n<tr>\n<td noWrap=\"true\" style=\"background-color: transparent; border: #1a7676 1pt inset; padding: 2.85pt\"><span style=\"font-size: 8.5pt; font-family: 'Verdana','sans-serif'\"><a target=\"_blank\" href=\"http:\/\/www.bkv.hu\/villamos\/4.html\"><font color=\"#000000\"><span class=\"bkvvillamos1\"><span style=\"text-decoration: none; text-underline: none\"><strong><font style=\"background-color: #ffe300\">4<\/font><\/strong><\/span><\/span><span style=\"color: windowtext\"> villamos<\/span><\/font><\/a><\/span><\/td>\n<td noWrap=\"true\" style=\"background-color: transparent; border: #1a7676 1pt inset; padding: 2.85pt\"><span style=\"font-size: 9pt; font-family: 'Arial','sans-serif'\"><a href=\"javascript:ShowTrafficMap(0,1,false)\"><span style=\"color: windowtext\">13 meg\u00e1ll\u00f3<\/span><\/a><\/span><\/td>\n<\/tr>\n<tr>\n<td noWrap=\"true\" style=\"background-color: transparent; border: #1a7676 1pt inset; padding: 2.85pt\"><span style=\"font-size: 9pt; font-family: 'Arial','sans-serif'\">2 perc v\u00e1rakoz\u00e1s<\/span><\/td>\n<td noWrap=\"true\" style=\"background-color: transparent; border: #1a7676 1pt inset; padding: 2.85pt\"><span style=\"font-size: 9pt; font-family: 'Arial','sans-serif'\">23 perc utaz\u00e1s<\/span><\/td>\n<\/tr>\n<tr>\n<td rowSpan=\"5\" noWrap=\"true\" vAlign=\"top\" style=\"background-color: transparent; border: #1a7676 1pt inset; padding: 2.85pt\"><span style=\"font-size: 9pt; font-family: 'Arial','sans-serif'\">\u00c1tsz\u00e1ll<\/span><\/td>\n<td colSpan=\"2\" width=\"100%\" style=\"padding-right: 0cm; padding-left: 14.2pt; padding-bottom: 2.85pt; width: 100%; padding-top: 2.85pt; background-color: transparent; border: #1a7676 1pt inset\"><strong><span style=\"font-size: 10pt; font-family: 'Arial','sans-serif'\"><a href=\"javascript:ShowTrafficMap(0,2,false)\"><span style=\"color: windowtext\">Moszkva t\u00e9r M v\u00e1.<\/span><\/a><\/span><\/strong><\/td>\n<\/tr>\n<tr>\n<td noWrap=\"true\" style=\"background-color: transparent; border: #1a7676 1pt inset; padding: 2.85pt\"><span style=\"font-size: 8.5pt; font-family: 'Verdana','sans-serif'\"><a target=\"_blank\" href=\"http:\/\/www.bkv.hu\/villamos\/56.html\"><font color=\"#000000\"><span class=\"bkvvillamos1\"><span style=\"text-decoration: none; text-underline: none\"><strong><font style=\"background-color: #ffe300\">56<\/font><\/strong><\/span><\/span><span style=\"color: windowtext\"> villamos<\/span><\/font><\/a><\/span><\/td>\n<td noWrap=\"true\" style=\"background-color: transparent; border: #1a7676 1pt inset; padding: 2.85pt\"><span style=\"font-size: 9pt; font-family: 'Arial','sans-serif'\"><a href=\"javascript:ShowTrafficMap(0,3,false)\"><span style=\"color: windowtext\">2 meg\u00e1ll\u00f3<\/span><\/a><\/span><\/td>\n<\/tr>\n<tr>\n<td noWrap=\"true\" style=\"background-color: transparent; border: #1a7676 1pt inset; padding: 2.85pt\"><span style=\"font-size: 8.5pt; font-family: 'Verdana','sans-serif'\"><a target=\"_blank\" href=\"http:\/\/www.bkv.hu\/villamos\/18.html\"><font color=\"#000000\"><span class=\"bkvvillamos1\"><span style=\"text-decoration: none; text-underline: none\"><strong><font style=\"background-color: #ffe300\">18<\/font><\/strong><\/span><\/span><span style=\"color: windowtext\"> villamos<\/span><\/font><\/a><\/span><\/td>\n<td noWrap=\"true\" style=\"background-color: transparent; border: #1a7676 1pt inset; padding: 2.85pt\"><span style=\"font-size: 9pt; font-family: 'Arial','sans-serif'\"><a href=\"javascript:ShowTrafficMap(0,3,false)\"><span style=\"color: windowtext\">2 meg\u00e1ll\u00f3<\/span><\/a><\/span><\/td>\n<\/tr>\n<tr>\n<td noWrap=\"true\" style=\"background-color: transparent; border: #1a7676 1pt inset; padding: 2.85pt\"><span style=\"font-size: 8.5pt; font-family: 'Verdana','sans-serif'\"><a target=\"_blank\" href=\"http:\/\/www.bkv.hu\/villamos\/59.html\"><font color=\"#000000\"><span class=\"bkvvillamos1\"><span style=\"text-decoration: none; text-underline: none\"><strong><font style=\"background-color: #ffe300\">59<\/font><\/strong><\/span><\/span><span style=\"color: windowtext\"> villamos<\/span><\/font><\/a><\/span><\/td>\n<td noWrap=\"true\" style=\"background-color: transparent; border: #1a7676 1pt inset; padding: 2.85pt\"><span style=\"font-size: 9pt; font-family: 'Arial','sans-serif'\"><a href=\"javascript:ShowTrafficMap(0,3,false)\"><span style=\"color: windowtext\">2 meg\u00e1ll\u00f3<\/span><\/a><\/span><\/td>\n<\/tr>\n<tr>\n<td noWrap=\"true\" style=\"background-color: transparent; border: #1a7676 1pt inset; padding: 2.85pt\"><span style=\"font-size: 9pt; font-family: 'Arial','sans-serif'\">0 perc v\u00e1rakoz\u00e1s<\/span><\/td>\n<td noWrap=\"true\" style=\"background-color: transparent; border: #1a7676 1pt inset; padding: 2.85pt\"><span style=\"font-size: 9pt; font-family: 'Arial','sans-serif'\">3 perc utaz\u00e1s<\/span><\/td>\n<\/tr>\n<tr>\n<td noWrap=\"true\" vAlign=\"top\" style=\"background-color: transparent; border: #1a7676 1pt inset; padding: 2.85pt\"><span style=\"font-size: 9pt; font-family: 'Arial','sans-serif'\">Lesz\u00e1ll<\/span><\/td>\n<td colSpan=\"2\" width=\"100%\" style=\"padding-right: 0cm; padding-left: 14.2pt; padding-bottom: 2.85pt; width: 100%; padding-top: 2.85pt; background-color: transparent; border: #1a7676 1pt inset\"><strong><span style=\"font-size: 10pt; font-family: 'Arial','sans-serif'\"><a href=\"javascript:ShowTrafficMap(0,-1,false)\"><span style=\"color: windowtext\">Fogaskerek\u0171 Vas\u00fat<\/span><\/a><\/span><\/strong><\/td>\n<\/tr>\n<\/table>\n<p><iframe loading=\"lazy\" width=\"425\" height=\"350\" frameborder=\"0\" scrolling=\"no\" marginheight=\"0\" marginwidth=\"0\" src=\"http:\/\/maps.google.com\/maps\/ms?ie=UTF8&amp;hl=ru&amp;msa=0&amp;msid=110256494924057389993.0004596fb13a40263a85d&amp;ll=47.509525,19.014072&amp;spn=0.012935,0.026468&amp;output=embed&amp;s=AARTsJoU_t1CENDwYlEaGuHoW4UTb5xJCw\"><\/iframe><br \/><small><a href=\"http:\/\/maps.google.com\/maps\/ms?ie=UTF8&amp;hl=ru&amp;msa=0&amp;msid=110256494924057389993.0004596fb13a40263a85d&amp;ll=47.509525,19.014072&amp;spn=0.012935,0.026468&amp;source=embed\" style=\"color:#0000FF;text-align:left\">\u041f\u0440\u043e\u0441\u043c\u043e\u0442\u0440\u0435\u0442\u044c \u0443\u0432\u0435\u043b\u0438\u0447\u0435\u043d\u043d\u0443\u044e \u043a\u0430\u0440\u0442\u0443<\/a><\/small><\/p>\n","protected":false},"excerpt":{"rendered":"<p>\u0410\u0433\u0438. \u0422\u0435\u043b. 06203739370 Szil\u00e1gyi Erzs\u00e9bet fasor 43\/b. \u041f\u0440\u043e\u0435\u0437\u0434: Felsz\u00e1ll \u00dcll\u00f6i \u00fat 4 villamos 13 meg\u00e1ll\u00f3 2 perc v\u00e1rakoz\u00e1s 23 perc utaz\u00e1s \u00c1tsz\u00e1ll Moszkva t\u00e9r M v\u00e1. 56 villamos 2 meg\u00e1ll\u00f3 18 villamos 2 meg\u00e1ll\u00f3 59 villamos 2 meg\u00e1ll\u00f3 0 perc v\u00e1rakoz\u00e1s 3 perc utaz\u00e1s Lesz\u00e1ll Fogaskerek\u0171 Vas\u00fat \u041f\u0440\u043e\u0441\u043c\u043e\u0442\u0440\u0435\u0442\u044c \u0443\u0432\u0435\u043b\u0438\u0447\u0435\u043d\u043d\u0443\u044e \u043a\u0430\u0440\u0442\u0443<\/p>\n","protected":false},"author":1,"featured_media":0,"parent":647,"menu_order":0,"comment_status":"open","ping_status":"open","template":"","meta":{"footnotes":""},"class_list":["post-648","page","type-page","status-publish","hentry"],"_links":{"self":[{"href":"https:\/\/www.shark-raph.com\/index.php?rest_route=\/wp\/v2\/pages\/648","targetHints":{"allow":["GET"]}}],"collection":[{"href":"https:\/\/www.shark-raph.com\/index.php?rest_route=\/wp\/v2\/pages"}],"about":[{"href":"https:\/\/www.shark-raph.com\/index.php?rest_route=\/wp\/v2\/types\/page"}],"author":[{"embeddable":true,"href":"https:\/\/www.shark-raph.com\/index.php?rest_route=\/wp\/v2\/users\/1"}],"replies":[{"embeddable":true,"href":"https:\/\/www.shark-raph.com\/index.php?rest_route=%2Fwp%2Fv2%2Fcomments&post=648"}],"version-history":[{"count":0,"href":"https:\/\/www.shark-raph.com\/index.php?rest_route=\/wp\/v2\/pages\/648\/revisions"}],"up":[{"embeddable":true,"href":"https:\/\/www.shark-raph.com\/index.php?rest_route=\/wp\/v2\/pages\/647"}],"wp:attachment":[{"href":"https:\/\/www.shark-raph.com\/index.php?rest_route=%2Fwp%2Fv2%2Fmedia&parent=648"}],"curies":[{"name":"wp","href":"https:\/\/api.w.org\/{rel}","templated":true}]}}